 (-2)/8 + (-341)/(-4). Calculate the highest common divisor of j and k.
17
Let y(l) = 2*l - 6. Let s be y(4). Suppose -w + s = -4. Calculate the highest common factor of 54 and w.
6
Let s = 71 - 41. Let h = 0 + s. Let g(w) = -3*w. Let d be g(-2). What is the greatest common divisor of d and h?
6
Suppose -5*i + 3*k - 17 = 16, -4*i + 5*k - 16 = 0. Let f = 15 + i. Suppose 5*a - 5*u = 100, 0*u = -a - u + 10. Calculate the greatest common divisor of a and f.
3
Suppose 5*m = -3*h + 1245, 0*m + h = -4*m + 996. Suppose 0 = -5*k + 4*p - 2*p + m, k = 3*p + 42. Let q = k + -30. What is the highest common factor of q and 7?
7
Let i(u) = u**3 + 7*u**2 + 5*u - 3. Let p be i(-6). Calculate the greatest common factor of 2 and p.
1
Let o(d) = -d - 4. Let f be o(-2). Let t be f/((-22)/(-12) + -2). Let m = 0 + 48. Calculate the highest common factor of m and t.
12
Suppose 3*n = 3*g - g + 44, -5*n - 4*g + 44 = 0. What is the greatest common factor of n and 12?
12
Let j be ((-6)/5)/(2/(-80)). Let d be (1 - 42/10)*-5. What is the greatest common divisor of j and d?
16
Let p(t) = -t**2 + 10*t - 4. Let i be p(8). Let z(y) = -7*y**2 + 3*y + 4. Let m be z(-3). Let w = m + 152. Calculate the highest common factor of i and w.
12
Let o = 56 + -32. Suppose 11 = -2*m - 37. Let f = m + 60. What is the greatest common factor of o and f?
12
Let z = 2 - 3. Suppose 4 = -0*r + 2*r. Let m be (r*z)/((-2)/22). What is the highest common divisor of m and 242?
22
Suppose -4*n + 4*p = -284, 4*n - 143 = 2*n + p. Suppose -2 + 6 = t. Suppose z - l = 21, 2*z - 5*z = t*l - 42. What is the greatest common factor of z and n?
18
Suppose -2*h - 3*h + 20 = 0. Let l = -4 + 8. What is the greatest common factor of h and l?
4
Let u(b) be the first derivative of -b**3/3 + 4*b**2 - 5*b + 3. Let v be u(6). Calculate the greatest common factor of 28 and v.
7
Let o be (-273)/14*8/(-3). Suppose -2*t = 4*d - 416, -t + 3*d + o = -161. What is the greatest common divisor of 21 and t?
21
Let o be (-8)/20 + (-34)/(-10). Suppose -5 = k, -3*u + k = -0*k - 86. Calculate the greatest common factor of o and u.
3
Let w(f) = 4*f**2 + 6*f. Let k be w(-7). What is the highest common divisor of k and 14?
14
Suppose -2*v - 12 = 5*a - 0, -a + 1 = -3*v. Let z be 14 + (-1 - v) + 1. Calculate the highest common divisor of 105 and z.
15
Suppose -1141 = -5*a - 4*k, a + 1109 = 6*a - 4*k. Calculate the highest common factor of 25 and a.
25
Suppose 0 = 4*b - 137 - 47. Let o be 1 - (2 - 2 - b). Suppose 2*h - o = 23. What is the highest common divisor of h and 7?
7
Let l = -150 + 177. What is the highest common factor of l and 27?
27
Let z be (0 + 0)/(-1 + -1). Let h(g) = -g**2 - 19*g + 1. Let p be h(-12). Let d = p + z. Calculate the highest common divisor of d and 34.
17
Let d = -42 - -114. Calculate the greatest common divisor of d and 9.
9
Let g = -152 + 302. What is the highest common factor of g and 90?
30
Let i(a) = a + 42. Let k be i(14). Calculate the greatest common divisor of 7 and k.
7
Let f = -137 - -194. Suppose -5*a = -144 - 331. Suppose -4*p - p + a = 0. What is the greatest common factor of p and f?
19
Suppose 0*b = 3*b - 171. Suppose 5*j - b = -c, 3*j - 53 = -3*c - 14. Let v = 127 - 72. What is the greatest common factor of j and v?
11
Let y(o) = o**3 - 8*o**2 - 9*o + 8. Let m be y(9). What is the greatest common divisor of 2 and m?
2
Suppose 0 = 3*o + 5*w + 4 + 4, -20 = 5*w. Calculate the greatest common divisor of 36 and o.
4
Suppose i = 3 - 2. Suppose 0 = -2*h + 5*h - 33. Calculate the highest common divisor of h and i.
1
Let y = 168 + -72. Calculate the highest common factor of y and 12.
12
Let g(y) = y**3 - 8*y**2 - 5*y - 4. Let q be g(9). What is the highest common factor of 352 and q?
32
Let u = 11 + -8. Suppose o + 24 = 72. Suppose d = u*d - o. Calculate the greatest common divisor of 12 and d.
12
Let a = 23 + -13. What is the highest common factor of a and 25?
5
Let u = -30 - -42. Let k(x) be the third derivative of 11*x**5/60 - x**4/12 + 3*x**2. Let m be k(-2). What is the greatest common factor of m and u?
12
Let w(g) = 14*g - 2. Suppose 4 = -i + 3*i. Let x be w(i). Let h = 128 + -89. Calculate the highest common factor of h and x.
13
Let a = 242 - -407. What is the highest common factor of a and 59?
59
Let f(j) = 3*j**2 - 5*j + 7. Let g(l) = 13*l**2 - 19*l + 28. Let v(m) = 9*f(m) - 2*g(m). Let y be v(7). Calculate the greatest common factor of y and 63.
7
Suppose 0 = -9*r - 3*r + 1728. What is the highest common factor of r and 16?
16
Let s = 10 + -15. Let c be s/25 + (-172)/(-10). Let t = 135 - 84. Calculate the highest common factor of t and c.
17
Let q(f) = f**2 - 5*f + 4. Let j be (-40)/(-7) - 12/(-42). Let l be q(j). What is the highest common divisor of l and 5?
5
Suppose -2*z + 16 = -3*m, m + 19 = 5*z - 8. Suppose 4*i - 15 = z. What is the highest common factor of i and 25?
5
Suppose 5*i + 76 - 6 = 0. Let x be 4/i - (-72)/56. Calculate the greatest common factor of x and 9.
1
Suppose k = -4*x + 19, -3*k = -5*x + 40 - 12. Calculate the highest common divisor of x and 5.
5
Suppose -7*r = -8*r + 21. Let u(y) = 189*y**2. Let h be u(-1). Calculate the highest common factor of h and r.
21
Let b(p) = p. Let o be b(0). Let s(u) = u + 1. Let z be s(o). What is the greatest common divisor of 8 and z?
1
Suppose o - 8*o + 14 = 0. What is the greatest common factor of o and 2?
2
Let g be 144/(-4)*14/(-7). Calculate the highest common factor of 24 and g.
24
Let p be 4/10 + 603/5. Suppose -p = -r - 0*r. Suppose 3*q - 44 = -q. What is the highest common factor of q and r?
11
Let j = 52 + -19. Let y be ((-4)/(-6))/(2/9). Suppose 2*x - j = y. Calculate the highest common factor of x and 9.
9
Let c(h) = h**3 + 20. Let w be c(0). Let m be 6/(-1 - w/(-16)). What is the greatest common factor of m and 3?
3
Let x(j) = 2*j. Let z be 0/3 - (0 + -1). Let a be x(z). Suppose 90 = 7*i - a*i. Calculate the greatest common divisor of i and 6.
6
Let i = -19 + 32. Let r be 8/6*(10 - i). Let c be 1 + 0/(r + 2). What is the highest common factor of 5 and c?
1
Let r = 172 + -81. Let t be (-1 + (1 - -13))*1. Calculate the greatest common divisor of t and r.
13
Suppose -3*m - 10 + 118 = 0. Calculate the greatest common factor of m and 9.
9
Let s(u) = 9*u + 2. Suppose -5*t = -4*t + 4. Let c be s(t). Let l = 47 + c. What is the highest common divisor of 13 and l?
13
Suppose -r - 2 = 3*j, -4*r - j - 4*j = -20. Suppose -45 = -n - 2*n + 3*a, 2*a + r = 0. What is the highest common divisor of 4 and n?
2
Let v(x) = -x - 5. Let j be v(-4). Let b(n) = -4*n - 2*n**2 - 1 + 2*n + 3*n**2. Let l be b(j). Calculate the greatest common factor of 8 and l.
2
Suppose -y = -4*f + 735 - 83, 5*f - 790 = -5*y. What is the greatest common factor of 18 and f?
18
Let q be 0 - (1/1 - -1). Let o = 2 - q. Calculate the greatest common factor of o and 4.
4
Let y(f) = 4*f - 5. Let q be y(5). What is the greatest common factor of 105 and q?
15
Suppose 0 = -g + 3*w, -2*g - 3*w + 0*w = 0. Suppose g = 3*s - 0*s - 9. Suppose 0 = -s*v - v + 48. What is the greatest common factor of 36 and v?
12
Suppose -3*f + 0*f = 24. Let i = -3 - f. Calculate the greatest common factor of 5 and i.
5
Let h = -278 - -326. Let t be 1/(-3) + (-37)/(-3). Calculate the greatest common factor of t and h.
12
Let t(a) = 25*a**2 - 2*a. Let k be t(-3). Let i(d) = -d**3 - 8*d**2 - 4*d - 11. Let b be i(-8). Calculate the highest common divisor of k and b.
21
Let h = 7 + -6. What is the greatest common factor of h and 1?
1
Suppose 250 = -i + 6*i. Let g = 74 - i. What is the greatest common divisor of 24 and g?
24
Let p = 27 - 22. What is the greatest common divisor of p and 45?
5
Let t(h) = h**3 + 11*h**2 - 27*h - 8. Let o be t(-13). Calculate the greatest common divisor of o and 65.
5
Let u = -30 + 42. Suppose 0 = -2*f + f + u. What is the greatest common divisor of 36 and f?
12
Let d be (-85)/(-2)*(-12)/(-15). Calculate the greatest common divisor of 170 and d.
34
Let y(c) = -3*c + 5. Let n be y(3). Let g be (-5 - n)/((-1)/54). Calculate the highest common divisor of g and 6.
6
Let a(v) = -2*v**3 - v**2 - 2*v - 1. Let g be a(-2). Suppose 3*t - g = 8*t. Let l be 1*4*t/(-6). What is the highest common factor of 8 and l?
2
Suppose 26*k - 6 = 20*k. Let d(f) = -f - 1. Let c be d(-3). What is th